site?
True
Is 59309139 prime?
False
Is 216498974 a composite number?
True
Is 6808481 prime?
False
Is 8460107 prime?
False
Is 18462401 composite?
False
Is 4305649 a composite number?
False
Is 235080649 a composite number?
False
Is 27050971 a prime number?
True
Is 20265821 a composite number?
False
Is 290317 a composite number?
False
Is 4301837 a prime number?
True
Is 55140539 a prime number?
True
Is 75821723 a prime number?
False
Is 337013 a prime number?
True
Is 384053 prime?
False
Is 63346619 prime?
False
Is 15235667 a prime number?
True
Is 8710337 composite?
False
Is 7746159 a composite number?
True
Is 1639229 a prime number?
True
Is 27452923 composite?
False
Is 3760877 prime?
False
Is 12143137 a composite number?
False
Is 1387443 a composite number?
True
Is 220978259 a composite number?
False
Is 15466681 composite?
False
Is 5324741 composite?
False
Is 1226179 a composite number?
False
Is 29002861 prime?
False
Is 45116321 prime?
True
Is 29761889 a prime number?
True
Is 121123333 composite?
False
Is 28879931 prime?
True
Is 73123 a prime number?
False
Is 927464695 composite?
True
Is 1016627 a composite number?
True
Is 28243133 prime?
True
Is 32396999 composite?
True
Is 436172133 composite?
True
Is 741647 a prime number?
False
Is 126252883 a composite number?
True
Is 44513297 composite?
True
Is 4299455 a composite number?
True
Is 1586103157 prime?
True
Is 3307559 a composite number?
False
Is 520727 composite?
True
Is 79483601 a prime number?
True
Is 111475457 prime?
False
Is 7261003 a prime number?
True
Is 38736913 a composite number?
False
Is 225036869 a prime number?
False
Is 23469349 prime?
False
Is 162863609 composite?
True
Is 2293321 a prime number?
True
Is 6369799 composite?
False
Is 109909567 prime?
True
Is 678533 composite?
False
Is 124818997 a composite number?
False
Is 135616057 a prime number?
True
Is 78797249 prime?
True
Is 31677719 a prime number?
True
Is 31604933 a composite number?
False
Is 517040113 prime?
False
Is 6503998 prime?
False
Is 11549963 a composite number?
False
Is 9945073 a composite number?
True
Is 583631291 composite?
True
Is 5331439 composite?
False
Is 8200363 a prime number?
True
Is 6521293 composite?
False
Is 4194829 composite?
True
Is 1449061 prime?
True
Is 38008043 a prime number?
False
Is 2821891 composite?
True
Is 4855 a prime number?
False
Is 76703837 a composite number?
True
Is 162299 composite?
True
Is 364523 a prime number?
True
Is 92029163 a composite number?
False
Is 1210019 composite?
False
Is 4809953 a prime number?
False
Is 386561741 prime?
True
Is 8819065 prime?
False
Is 131731 prime?
True
Is 192503609 a prime number?
True
Is 6163541 a composite number?
False
Is 52587023 a composite number?
False
Is 23232619 a composite number?
False
Is 512063 composite?
True
Is 92896577 a composite number?
False
Is 42416441 a prime number?
False
Is 3912811 prime?
False
Is 10056547 composite?
False
Is 27361343 a composite number?
True
Is 13747495 composite?
True
Is 74471387 composite?
False
Is 184120001 prime?
False
Is 42024041 a composite number?
False
Is 179319299 a composite number?
True
Is 1039001 prime?
True
Is 5895479 prime?
True
Is 358717 prime?
False
Is 1859133 prime?
False
Is 246347531 a composite number?
False
Is 25465955 a prime number?
False
Is 4864369 composite?
False
Is 8207407 a composite number?
True
Is 6946157 prime?
True
Is 16458619 prime?
True
Is 31423187 composite?
False
Is 211276177 a composite number?
True
Is 185430391 a composite number?
False
Is 400913809 prime?
True
Is 2124179 composite?
True
Is 2160349 a composite number?
False
Is 66533989 a prime number?
True
Is 82805161 prime?
False
Is 230659717 prime?
True
Is 654397 a composite number?
False
Is 32173909 composite?
False
Is 1274978 composite?
True
Is 111277 composite?
True
Is 1171189 a composite number?
False
Is 12110303 a composite number?
False
Is 2208911 prime?
False
Is 93391 prime?
False
Is 18330271 prime?
True
Is 7732321 prime?
True
Is 46381 a composite number?
False
Is 196333 a prime number?
False
Is 28161827 a prime number?
True
Is 50984473 prime?
False
Is 9244093 prime?
True
Is 10373899 a composite number?
False
Is 912583057 prime?
True
Is 150570053 a composite number?
True
Is 81387049 composite?
False
Is 2662696289 a composite number?
True
Is 40238293 a composite number?
True
Is 112481 composite?
False
Is 7586261 a composite number?
True
Is 41158357 prime?
True
Is 7625371 prime?
False
Is 135709179 composite?
True
Is 32381285 a prime number?
False
Is 75726247 prime?
True
Is 6068819 composite?
False
Is 311110589 a composite number?
False
Is 764531 composite?
True
Is 11749349 a prime number?
False
Is 276763409 composite?
True
Is 22554217 a prime number?
False
Is 193681 a prime number?
False
Is 93527597 a composite number?
False
Is 3687451 composite?
False
Is 992093 composite?
True
Is 914741 composite?
True
Is 3251263 a composite number?
True
Is 5504177 a prime number?
False
Is 68513831 composite?
False
Is 1576649 prime?
True
Is 4701971 composite?
False
Is 12709183 a prime number?
False
Is 5672747 a prime number?
False
Is 1459091 a prime number?
True
Is 90344647 prime?
False
Is 11653315 prime?
False
Is 7939 a prime number?
False
Is 94960379 a composite number?
False
Is 12031231 composite?
True
Is 46037239 prime?
False
Is 139401269 a composite number?
True
Is 3910909 a composite number?
False
Is 327913 prime?
False
Is 954827 a composite number?
False
Is 5308111 composite?
False
Is 64790107 a prime number?
True
Is 40200491 a prime number?
True
Is 4907621 a prime number?
False
Is 359832479 composite?
False
Is 187782997 composite?
True
Is 25618577 prime?
False
Is 51334379 composite?
True
Is 1043969 prime?
True
Is 583007 a composite number?
False
Is 1718623 a prime number?
False
Is 96651985 composite?
True
Is 438969029 composite?
False
Is 23516551 a composite number?
False
Is 13524169 prime?
False
Is 10362211 a prime number?
False
Is 1410419 a composite number?
True
Is 133984391 a composite number?
False
Is 50567773 composite?
False
Is 6362833 composite?
False
Is 128379703 composite?
False
Is 1670453 composite?
True
Is 168176531 prime?
True
Is 4025303 composite?
False
Is 45869651 a prime number?
False
Is 1693519 a prime number?
False
Is 2052059 prime?
True
Is 10441721 a prime number?
False
Is 84088855 a composite number?
True
Is 130321127 a prime number?
False
Is 71882947 a prime number?
False
Is 3904951 a composite number?
True
Is 421142869 composite?
True
Is 391823579 prime?
False
Is 2896809 a prime number?
False
Is 116120995 a prime number?
False
Is 1492627 prime?
True
Is 121015561 a composite number?
False
Is 12243499 a composite number?
True
Is 6611303 composite?
False
Is 7144289 a composite number?
False
Is 64492861 composite?
True
Is 72687737 a composite number?
True
Is 78904759 prime?
False
Is 5138891 prime?
True
Is 205481 a composite number?
True
Is 2256159 prime?
False
Is 10802401 a prime number?
True
Is 11344403 a prime number?
False
Is 113601911 a prime number?
True
Is 3320593 a composite number?
True
Is 1251907 composite?
False
Is 85471483 a composite number?
False
Is 3006062 prime?
False
Is 260497 a composite number?
True
Is 1897379 composite?
True
Is 18253713 composite?
True
Is 1422781285 a composite number?
True
Is 25713823 a composite number?
False
Is 1036799 prime?
True
Is 5480749 a composite number?
True
Is 26935199 a composite number?
True
Is 12339505 a composite number?
True
Is 17900131 a prime number?
False
Is 107423507 composite?
False
Is 622919 a prime number?
False
Is 60209 prime?
True
Is 14053657 a prime number?
True
Is 28321187 a prime number?
False
Is 102935753 composite?
False
Is 63006827 a prime number?
False
Is 163294 prime?
False
Is 182774213 a prime number?
False
Is 4658099 composite?
False
Is 83643361 prime?
False
Is 54370543 composite?
True
Is 35147719 composite?
True
Is 129680491 a prime number?
False
Is 131900281 a prime number?
True
Is 623755645 composite?
True
Is 18934879 a prime number?
True
Is 553037 prime?
True
Is 26833979 prime?
True
Is 45060641 composite?
True
Is 8354107 prime?
True
Is 184263199 a prime number?
False
Is 5441677 composite?
True
Is 204233807 prime?
True
Is 7842397 a composite number?
True
Is 918047 a composite number?
True
Is 7280578 a composite number?
True
Is 115387 compos